In base 3, what is -12 - -222221?
222202
In base 9, what is 177 + 104?
282
In base 10, what is 3 - -1?
4
In base 7, what is -104116 - 1?
-104120
In base 10, what is 3 - -119?
122
In base 6, what is 250 + 3?
253
In base 9, what is 2 - 6603?
-6601
In base 13, what is 3 - -10a9?
10ac
In base 3, what is 1002 + -221?
11
In base 6, what is 24 - 2100?
-2032
In base 15, what is -c + 5?
-7
In base 14, what is 36 + 1b5?
20b
In base 2, what is -1 - -100100?
100011
In base 9, what is 65 - 0?
65
In base 8, what is -4 + -220?
-224
In base 12, what is -221 + 3?
-21a
In base 10, what is 7 - -7?
14
In base 5, what is -404 - 3?
-412
In base 2, what is -10 - -11001000111?
11001000101
In base 11, what is 5 + -4132?
-4128
In base 4, what is 131 + 22?
213
In base 10, what is -229 - -4?
-225
In base 6, what is -1420 + 3?
-1413
In base 13, what is -5 + -98?
-a0
In base 6, what is -5 - -254?
245
In base 3, what is 10 - 21020?
-21010
In base 11, what is 0 + 111?
111
In base 16, what is 8 + -47?
-3f
In base 3, what is -20010 - -2?
-20001
In base 3, what is -12 + -100111?
-100200
In base 3, what is 20111220 + -2?
20111211
In base 15, what is -133 + -2?
-135
In base 16, what is -4 + 29?
25
In base 4, what is 2 - -1323?
1331
In base 10, what is 8 - -6?
14
In base 15, what is -1 + 11c?
11b
In base 12, what is 2 - 113b?
-1139
In base 4, what is -13010 - 30?
-13100
In base 7, what is 5 + 3440?
3445
In base 12, what is 1a + -5?
15
In base 11, what is 4a - 1a?
30
In base 6, what is 2 + 1020?
1022
In base 2, what is -10011010 + -101100?
-11000110
In base 9, what is 112 + -5?
106
In base 13, what is -21 + 3?
-1b
In base 12, what is 6863 + -4?
685b
In base 5, what is -20 + -1002?
-1022
In base 13, what is 4 + b3?
b7
In base 7, what is -20 + 61?
41
In base 15, what is -2 + 20b1?
20ae
In base 2, what is -1 + -111000100?
-111000101
In base 4, what is -101132 + 12?
-101120
In base 7, what is 12 + 11212?
11224
In base 5, what is -224 - -111?
-113
In base 7, what is -4 + -53?
-60
In base 12, what is -161 - 2?
-163
In base 2, what is -11101011 + 11?
-11101000
In base 7, what is -61 - 2?
-63
In base 14, what is 10 + 26a?
27a
In base 6, what is -3 - -1002?
555
In base 10, what is -5 + -229?
-234
In base 15, what is 4 - 13a6?
-13a2
In base 9, what is 1 + 515?
516
In base 3, what is 1212 - 12101?
-10112
In base 8, what is 5 - 2315?
-2310
In base 2, what is 11110 - 10000?
1110
In base 6, what is 244 + 2?
250
In base 13, what is 1 + 187?
188
In base 4, what is -121 + -110130?
-110311
In base 13, what is 89 + -121?
-65
In base 10, what is -270 - 1?
-271
In base 5, what is -11330 + 2?
-11323
In base 16, what is -eef + -1?
-ef0
In base 3, what is -11 + 111?
100
In base 13, what is 14 - -3?
17
In base 7, what is 366 + 1?
400
In base 2, what is -101010010 + 10110?
-100111100
In base 13, what is 6 - 69?
-63
In base 9, what is 20 + -134?
-114
In base 10, what is 3 - -242?
245
In base 14, what is 5 + 218?
21d
In base 10, what is 396 + -6?
390
In base 14, what is 191 + 5?
196
In base 14, what is -d7 + -7?
-100
In base 14, what is 5 + -33?
-2c
In base 12, what is 6 + -5a?
-54
In base 12, what is -93 - 0?
-93
In base 8, what is 3 + 1671?
1674
In base 13, what is -52 + 9?
-46
In base 16, what is -4 - 61?
-65
In base 14, what is -36 - 36?
-6c
In base 10, what is 22 - -29?
51
In base 5, what is -2 - 214203?
-214210
In base 12, what is 94 + 3?
97
In base 16, what is -14c - -32?
-11a
In base 2, what is 111 - 111?
0
In base 4, what is -1102 - 3?
-1111
In base 13, what is -1131 + -2?
-1133
In base 13, what is -cb + 2?
-c9
In base 13, what is -3 - 5?
-8
In base 15, what is 181 - 14?
16c
In base 15, what is 4 - -557?
55b
In base 4, what is 31333 + -102?
31231
In base 5, what is -100 - -10?
-40
In base 16, what is -14f - -1?
-14e
In base 13, what is 16 + 18?
31
In base 14, what is 27 - 13?
14
In base 3, what is -2221 + -1?
-2222
In base 5, what is -31 - 12?
-43
In base 14, what is -4 + 16?
12
In base 3, what is -20201000 + 11?
-20200212
In base 10, what is -4 - -35?
31
In base 5, what is 13 + -14?
-1
In base 7, what is -6 - 161?
-200
In base 16, what is 2 - c2?
-c0
In base 14, what is -2b7 + 10?
-2a7
In base 11, what is 5a5 + -10?
595
In base 3, what is 22012 - -12?
22101
In base 12, what is -9a + a?
-90
In base 8, what is 1 - 126?
-125
In base 6, what is -4140 + 3?
-4133
In base 12, what is 1244 - 5?
123b
In base 3, what is 102 - 22?
10
In base 9, what is -56 + 12?
-44
In base 8, what is 103 + 24?
127
In base 11, what is -23a3 - 2?
-23a5
In base 3, what is -11 - -21101?
21020
In base 9, what is 5 - -40?
45
In base 10, what is -7 - 9?
-16
In base 3, what is -2000 - 1101?
-10101
In base 12, what is -160 + 4?
-158
In base 9, what is 2 + -5205?
-5203
In base 5, what is -133 + -11?
-144
In base 6, what is -21 + 13?
-4
In base 6, what is 45 + 1004?
1053
In base 12, what is 56 - -2?
58
In base 15, what is 25 + -7?
1d
In base 16, what is 49 - -a?
53
In base 9, what is 6 + 156?
163
In base 16, what is -269 + -3?
-26c
In base 15, what is -18 + 2?
-16
In base 5, what is -24 - -100?
21
In base 3, what is -200 + -212001?
-212201
In base 15, what is -67b0 + -2?
-67b2
In base 7, what is 1 - 4124?
-4123
In base 4, what is -330 - -103?
-221
In base 12, what is a89 - 1?
a88
In base 3, what is -11000 - 12?
-11012
In base 12, what is -1 + 4b?
4a
In base 14, what is 702 + -5?
6db
In base 4, what is -120 - -22?
-32
In base 3, what is 22220 + 2?
22222
In base 8, what is -376 + 4?
-372
In base 16, what is -8 + -6b?
-73
In base 8, what is -17607 + 3?
-17604
In base 12, what is 5579 + -4?
5575
In base 6, what is -24 - -225?
201
In base 16, what is -4 + -52?
-56
In base 8, what is 1 - 22?
-21
In base 10, what is 5 - 5340?
-5335
In base 2, what is -110100110110 - 11?
-110100111001
In base 6, what is 132 - 2?
130
In base 15, what is -5d3 - -5?
-5cd
In base 11, what is 527 + 1?
528
In base 14, what is 12c + 2?
130
In base 6, what is -10 - -32?
22
In base 2, what is -110111110110 - -10?
-110111110100
In base 10, what is -15 - -225?
210
In base 16, what is -c25 + 0?
-c25
In base 14, what is 35 + -5?
30
In base 13, what is -1 - 98?
-99
In base 4, what is 2 - 110?
-102
In base 13, what is 26 + 5?
2b
In base 10, what is 104 - 3?
101
In base 3, what is 12 - -20001?
20020
In base 16, what is -4 - 1a?
-1e
In base 16, what is -12 + 14?
2
In base 16, what is 5 - -152?
157
In base 13, what is 9c + 3?
a2
In base 7, what is -5 - 45?
-53
In base 9, what is 1371 + 22?
1403
In base 10, what is -5263 + -4?
-5267
In base 9, what is -351 - 0?
-351
In base 6, what is 152 - 123?
25
In base 4, what is -2131 - -3?
-2122
In base 9, what is 163 + 5?
168
In base 12, what is 2a + 4?
32
In base 14, what is 50c + 1?
50d
In base 10, what is -1 + 1?
0
In base 16, what is -8 - e?
-16
In base 3, what is -10 - 220?
-1000
In base 16, what is 15c + -2?
15a
In base 7, what is 0 - 600?
-600
In base 5, what is 10 - 10302?
-10242
In base 6, what is 1050 + 2?
1052
In base 5, what is 24 + -101?
-22
In base 9, what is 3 + 212?
215
In base 5, what is -344 - -1?
-343
In base 15, what is -1 + -3c?
-3d
In base 15, what is 1dd + 26?
214
In base 11, what is 5 - 7?
-2
In base 4, what is -10 + -11133?
-11203
In base 8, what is 24 + 0?
24
In base 2, what is 110000110000 + 1011?
110000111011
In base 2, what is -1 + -100101010110?
-100101010111
In base 8, what is 5442 - 3?
5437
In base 14, what is 5 + 4?
9
In base 10, what is 6 - -111?
117
In base 8, what is 1 - -150?
151
In base 5, what is -2301 + -4?
-2310
In base 14, what is -2 - -6c?
6a
In base 6, what is -3 + -2?
-5
In base 10, what is -198 + 1?
-197
In base 12, what is 8 - 331?
-325
In base 10, what is 0 + -38?
-38
In base 5, what is -13 - 201?
-214
In base 5, what is -14 - -443?
424
In base 12, what is -10 + 257?
247
In base 3, what is -122 - 111?
-1010
In base 16, what is -364 + 1?
-363
In base 10, what is 1 + 3350?
3351
In base 16, what is -42 - -a?
-38
In base 14, what is 1 + -11ab?
-11aa
In base 2, what is 1010100100000 + 10?
1010100100010
In base 9, what is -41 - -4?
-36
In base 2, what is 101 - 110110?
-110001
In base 7, what is 1460 + -65?
1362
In base 16, what is -3 - db?
-de
In base 4, what is 1223 - -210?
2033
In base 12, what is 10 + 13?
23
In base 2, what is -1011 - -100?
-111
In base 3, what is 102012 + -10?
102002
In ba